i = -368639 - -368652. Calculate d(i).
-1
Let f(l) be the first derivative of -l**4/12 - l**3 - 3*l**2/2 - 2*l - 1. Let g(m) be the first derivative of f(m). Let p = -7156 - -7152. What is g(p)?
5
Suppose -5*t - 94 = 42*t. Let z(s) = -11*s + 0*s + 13*s - 3*s. Calculate z(t).
2
Let m = -778 - -798. Let w(b) = -b**2 + 20*b + 13. What is w(m)?
13
Let j(h) = -4352730 + 0*h**2 - h**2 + h + 4352727. Suppose 3*a - 1 = z, a + 11 = -a + 3*z. Calculate j(a).
-5
Let f = -87 - -79. Let i(r) = -r**2 - 8*r + 4. Determine i(f).
4
Let r(q) = q**3 + 8*q**2 + 9*q + 8. Let a be r(-6). Let k = 30 - a. Suppose 16 = -4*n + k. Let p(j) = -j**3 - 4*j**2 - 2*j + 1. What is p(n)?
-2
Let b(f) = 10*f + 55. Suppose 12*n = 289 - 349. What is b(n)?
5
Let z(g) be the third derivative of 1/6*g**3 - 3 + 0*g**4 + 23*g**2 + 0*g**5 + 0*g + 1/40*g**6. What is z(1)?
4
Let t(v) = -v**2 - 5*v - 6. Let f be (-407)/143 - 1 - 12/78. Give t(f).
-2
Let y(x) = x**2 + 5*x + 9. Let v be -13*(-4)/(-20) + 4/(-10). Let w be y(v). Let k(c) = 2*c - 69 + 70 - w*c. Calculate k(-2).
3
Let j(f) be the first derivative of -f**4/4 - 4*f**3 + 15*f + 2700. Suppose -2*d + 2*u = 4 + 18, 3 = -3*u. Calculate j(d).
15
Suppose -1059 - 1753 = 74*o. Let b(w) = w**2 + 40*w + 63. What is b(o)?
-13
Let v(g) = -6 + 444*g - 225*g - 220*g. Suppose -16*d + 14*d = 12. Give v(d).
0
Let y(j) = -j**3 - 6*j**2 - 7*j - 3. Let p = 443 - 423. Let z = -25 + p. Give y(z).
7
Let w(i) = -4*i**2 + 7*i - 3. Let x(l) = -13*l**2 + 21*l - 8. Let o(a) = -7*w(a) + 2*x(a). Let k be 10/(8/(192/20)). Let b be k - -8*(-7 + 6). What is o(b)?
9
Let y(i) be the second derivative of i**5/20 + i**4/2 - 2*i**3/3 - 3*i**2/2 + 3795*i. Give y(-3).
36
Let n be (-18)/28*5418/1161. Let a(w) = 8*w + 4. Let t(b) = -9*b - 4. Let z(q) = 5*a(q) + 4*t(q). Calculate z(n).
-8
Let r be ((-27)/(-45))/(2/10). Let x(w) = -7 + 3 - 3*w + r + 0*w. Let y = 28 + -34. Give x(y).
17
Let a(n) be the first derivative of 2*n**3/3 + 11*n**2/2 - 19*n - 2053. Calculate a(-10).
71
Let q(r) = 15*r**2 - 6*r + 2. Suppose -185*i - 78*i = 38*i - 301. What is q(i)?
11
Let b be (20/(-14))/(2/(-70)). Let m = 52 - b. Suppose 4*t - 12 = 0, t + m*t - 29 = -2*p. Let u(s) = -s**3 + 11*s**2 - 11*s + 12. Give u(p).
2
Suppose x - 4*n - 4 = 0, -439 = 4*x - 3*n - 416. Let c(l) = -5*l**2 - 45*l - 40. Determine c(x).
0
Let o = -16 - -18. Let h(n) = n + 3 - o - 3 + 9. Let v be ((-28)/12 + 1)*6. Determine h(v).
-1
Let b(q) = 8*q + 1288. Let c be b(-161). Let x(r) be the third derivative of 40*r**2 - 7/6*r**3 + c + 0*r - 1/3*r**4 - 1/60*r**5. Calculate x(-6).
5
Let m(d) be the third derivative of -11*d**4/24 - 5*d**3/2 + 2194*d**2. Calculate m(4).
-59
Let j(w) = -29*w**2 + 134*w + 130. Let k(i) = 11*i**2 - 48*i - 44. Let t(v) = 3*j(v) + 8*k(v). Calculate t(-15).
-7
Let q(t) be the first derivative of 1/3*t**3 - t + 3*t**2 + 17. Calculate q(-6).
-1
Suppose -3*d - 2*d - 25 = 0, 5*w + d - 10 = 0. Suppose w*j - 5*j - 1 = 5*p, 3*p = 3*j - 9. Let i(n) = -2 + n**j - 7 + 6 - n. What is i(-3)?
9
Let t(g) be the second derivative of -g**3/6 + 15*g**2/2 - 9*g + 43. Calculate t(0).
15
Let w(t) be the first derivative of t**4/4 + 4*t**3/3 - 5*t**2/2 + 7*t - 2. Let g be w(-5). Let y(j) = -2*j - 3. Give y(g).
-17
Let d(x) be the first derivative of x**4/4 - 4*x**3/3 - 3*x - 2. Suppose 297*n - 565*n + 286*n = 72. Give d(n).
-3
Let h = 113 - 110. Let f(u) = -11*u + 4. Let s(y) = -5*y + 2. Let x(i) = 2*f(i) - 5*s(i). Let b(w) = w + 1. Let m(g) = b(g) - x(g). Calculate m(h).
-3
Let a = -10157 + 10161. Let b(o) be the second derivative of 5/2*o**2 - 1/12*o**a + 20*o + 0 - o**3. Give b(-7).
-2
Suppose 19299*t = 19284*t + 120. Let g(f) = f**3 - 8*f**2 - 8*f + 8. Determine g(t).
-56
Let n be (-4 + (-175)/(-28))/((-9)/12*1). Let w(i) = 2*i**2 + i - 13. Calculate w(n).
2
Let t(l) = -l**2 - 2*l + 1. Let y(z) = z**2 - 4*z - 45. Let g be y(-5). Suppose g = 8*f - 5*f + 9. Determine t(f).
-2
Let o = -44 - -46. Suppose o*n - 410 = -148. Suppose n - 132 = i. Let a(q) = -q**2 - 2*q - 1. What is a(i)?
0
Let n(y) = y**2 + 3*y - 21. Let p be n(8). Let z = 78 - p. Let j(a) = -a - a + 6*a**2 - z + 18 - a**3 + a. What is j(6)?
1
Let b(z) be the second derivative of -z**3 + 68*z**2 - 3*z - 624. Determine b(29).
-38
Let v(h) = 566*h - 305*h + 18 + 54 - 296*h. What is v(2)?
2
Suppose 2*s + 5 - 13 = 0. Let k(b) = 2*b + 2 - b**2 + b - s*b. Let f(o) = -2*o**3 + 10*o**2 + 105*o + 23. Let l be f(-5). Calculate k(l).
0
Let t = -49 + 50. Let h(k) = -2 - t + 2*k + 2. Let l be (-6)/2 + 4/8*-2. Give h(l).
-9
Let p(n) = 13*n + 5. Let u(s) be the second derivative of 11*s**3/6 + 2*s**2 - 3*s. Let d(l) = 5*p(l) - 6*u(l). What is d(-6)?
7
Let j(x) = -62*x + 2164. Let u be j(35). Let z(h) = -2*h**3 - 13*h**2 + 5*h + 11. Determine z(u).
-55
Let u(f) = -83*f + 112*f**2 + 56*f - 113*f**2 + 39*f - 2 + 7. Determine u(14).
-23
Let b(k) = 6*k**2 + 66*k + 1. Let m be b(-11). Let c(j) = 7*j**2 + 2*j - 3. What is c(m)?
6
Suppose 0 = 23*z - 26*z + 9. Suppose 0 = 2*p + 2*l - 22, 25 = 2*p + 3*l. Let o(g) = -2 + 4*g**2 + 5*g - p*g**2 + g**3 - 12*g + 8*g. Give o(z).
-8
Let w(y) = y - 14. Let o be 0 + 8 + (11 - (8 + 0)). Give w(o).
-3
Let f(s) be the first derivative of 1/2*s**2 - s - 13 - 1/3*s**3. Give f(1).
-1
Let r(z) = z**3 + 8*z**2 + 8*z - 4. Let f = 16 + -27. Let p(q) = -q + 1. Let g(u) = u**2 + 13*u - 19. Let a(b) = -g(b) - 4*p(b). Let d be a(f). Give r(d).
-11
Suppose 30*g = 178 - 448. Let p(t) = t**2 + 11*t + 9. Determine p(g).
-9
Let x(n) = 3905 - 1954 - 5*n**3 - 3*n**2 + 2*n - 1953. Give x(1).
-8
Let k(w) be the second derivative of w**6/40 + w**5/60 + w**4/24 - w**3/6 - 25*w**2 + 134*w. Let r(d) be the first derivative of k(d). Calculate r(1).
4
Let k = -12429 + 12421. Let g(x) = x**3 + 9*x**2 + 7*x - 21. Give g(k).
-13
Let q(h) be the second derivative of -h**3/6 - 3*h**2/2 + 2*h. Let t(i) = 29*i**2 - 4*i + 38. Let r be t(4). Suppose 0 = r*z - 495*z - 90. Determine q(z).
7
Let i(j) be the first derivative of -9*j**2/2 - 15*j + 4959. Calculate i(-2).
3
Let q = -25 + 1. Let v = -102 + 72. Let y = q - v. Let s(p) = -p**3 + 7*p**2 - 5*p + 9. What is s(y)?
15
Let m(j) be the first derivative of j**4/4 - 5*j**3 - 28*j**2 + 41*j + 3012. Determine m(18).
5
Let r(m) = m**3 - 20*m**2 + 21*m - 50. Suppose -53 = -2*a - 5*k, -a = -4*k + 21 - 28. Determine r(a).
-12
Let f(z) = -20*z**3 - 8*z - 9. Let l(j) = 3*j**3 + j. Let m(v) = -f(v) - 7*l(v). Determine m(-3).
33
Let m(v) = -2*v - 65. Let w be (0 + 4)/((-88)/528). Determine m(w).
-17
Let d(q) = -4*q**2 - 103*q + 38. Let t be d(-26). Suppose -5*l = -t + 22. Let h(v) = -v**3 - 2*v**2 + 2*v + 3. Give h(l).
-1
Let j(v) = v**3 - 4*v**2 - 13*v + 10. Let w(s) = 15*s + 1176. Let c be w(-78). Give j(c).
4
Let z(g) = -g**2 + 3*g. Let c be 1 + (-3 - -2) + 4. Suppose 5*u = 2*j - 169, 0 = 3*j - 5*u + c*u - 247. Let o = j - 77. Determine z(o).
-10
Let n = 32 + -26. Let a = -69 - -68. Let v(y) = -y + 9. Let u(r) = 1. Let q(k) = a*v(k) + 6*u(k). Calculate q(n).
3
Let l(i) be the first derivative of -2*i**2 + 5*i + 175. Let u(a) = a**2 + 12*a + 15. Let t be u(-2). What is l(t)?
25
Let w(l) = -l**2 - 8*l - 7. Let c = -15 - -7. Let z be (-336)/54 - c/36. What is w(z)?
5
Let i(p) be the second derivative of -1/3*p**3 - 44*p + 2*p**2 + 0. Let j be (-2)/5 + (-34)/(-10). Calculate i(j).
-2
Let m(l) = l**3 + l**2 + 3*l - 46. Suppose -3*i - 2*x + 110 = 124, i + 4*x + 28 = 0. Give m(i).
-46
Let u(t) = -6*t**2 + 210*t + 69. Let h(i) = i**2 - 37*i - 14. Let w(r) = 11*h(r) + 2*u(r). Let j = 10 + 1. Calculate w(j).
6
Suppose 0 = -3*b + 3 - 0. Let v(q) = 8 + q**2 - 2 - b - 2*q**2. Suppose -t + 102 = 98. Calculate v(t).
-11
Let l = -29 - -25. Let b(v) = v**2 + 0*v**2 - 7*v - 9 - 6*v**2 + 27*v. Let m(j) = -j**2 + 5*j - 2. Let t(w) = 2*b(w) - 9*m(w). Determine t(l).
4
Let g be 5/(-15*4/(-72)). Suppose 21 = 2*a + 5*v, -a + g*a + 4*v = 27. Suppose -3*k - 6 = a*f + 6, 0 = -4*k + 2*f + 8. Let l(h) = h**3 + h - 20. Determine l(k).
-20
Suppose -22 + 18 = l. Let w(g) = 4*g**2 + 14*g - 8. Let c(z) = 3*z**2 + 13*z - 7. Let k(u) = l*w(u) + 5*c(u). Let q be ((-3)/(-1)*-1)/((-3)/5). Give k(q).
17
Let z(l) = -3*l + 15. Let w be 18/(-27) + (-7)/3. Let b(h) = h - 5. Let j(v) = w*z(v) - 8*b(v). Suppose -154 + 52 = -17*i. Give j(i).
1
Let a(j) = 2*j + 7. Let q(u) = 